culate the highest common factor of 76058 and 1819.
17
Calculate the highest common factor of 11 and 12573.
11
What is the highest common divisor of 77 and 1981?
7
Calculate the greatest common factor of 316 and 99382.
158
What is the highest common factor of 100949 and 87?
29
What is the highest common factor of 182249 and 31?
31
Calculate the highest common factor of 84 and 606312.
84
Calculate the highest common factor of 28 and 25466.
14
Calculate the greatest common divisor of 44240 and 23800.
280
Calculate the greatest common factor of 811 and 43.
1
What is the highest common factor of 4341241 and 127?
127
What is the highest common divisor of 231 and 13552?
77
Calculate the greatest common factor of 364 and 38428.
52
Calculate the greatest common divisor of 83968 and 200.
8
Calculate the greatest common factor of 68784 and 6.
6
What is the highest common factor of 25440 and 192?
96
What is the greatest common factor of 6130 and 1318?
2
Calculate the highest common divisor of 26644 and 12.
4
What is the highest common factor of 117 and 205283?
13
What is the greatest common factor of 1836 and 10?
2
Calculate the highest common factor of 52 and 2842684.
52
Calculate the highest common divisor of 120 and 4880.
40
What is the highest common factor of 776100 and 15?
15
Calculate the greatest common factor of 632 and 115972.
316
Calculate the highest common factor of 78 and 4694.
2
Calculate the greatest common factor of 120987 and 54.
27
Calculate the highest common factor of 212 and 1014.
2
Calculate the greatest common divisor of 1652 and 10266.
118
Calculate the greatest common factor of 52810 and 70.
10
Calculate the greatest common divisor of 8 and 3936.
8
What is the greatest common factor of 3184 and 64656?
16
Calculate the highest common factor of 48262 and 236.
118
Calculate the greatest common factor of 10323175 and 1957.
1957
Calculate the greatest common factor of 34 and 145180.
34
What is the highest common factor of 7051 and 77?
11
What is the highest common factor of 1160557 and 23?
23
Calculate the highest common divisor of 232097 and 155.
31
What is the highest common divisor of 54557 and 11647?
613
What is the highest common divisor of 141612 and 24?
12
What is the greatest common divisor of 286 and 245245?
143
Calculate the greatest common divisor of 2400 and 11448.
24
What is the greatest common factor of 6 and 799830?
6
Calculate the greatest common divisor of 70468 and 58426.
446
What is the greatest common divisor of 242747 and 1?
1
Calculate the highest common factor of 22876 and 252.
28
Calculate the greatest common divisor of 13101 and 4.
1
Calculate the highest common factor of 1192 and 40.
8
Calculate the highest common divisor of 130 and 111605.
65
Calculate the greatest common divisor of 258977 and 1.
1
What is the highest common divisor of 416344 and 8063?
733
Calculate the greatest common factor of 519 and 6958925.
173
What is the greatest common factor of 48849 and 304?
19
What is the highest common divisor of 12939 and 38363?
227
What is the greatest common factor of 368 and 26588?
92
Calculate the greatest common divisor of 11322 and 1554.
222
What is the greatest common factor of 77 and 471383?
11
Calculate the highest common divisor of 2630 and 292193.
263
Calculate the greatest common divisor of 142 and 951755.
71
Calculate the highest common divisor of 126 and 77406.
42
Calculate the greatest common divisor of 2343 and 87543.
213
What is the highest common divisor of 101500 and 672?
28
Calculate the greatest common divisor of 136242 and 810.
162
Calculate the highest common factor of 926 and 2342780.
926
Calculate the highest common divisor of 123 and 1280553.
123
What is the highest common factor of 28 and 252?
28
Calculate the highest common factor of 183 and 4087.
61
What is the highest common divisor of 3120 and 443820?
780
What is the highest common factor of 60808 and 16?
8
What is the highest common divisor of 1749 and 69006?
159
Calculate the greatest common factor of 20970 and 855.
45
What is the highest common factor of 588 and 11364?
12
Calculate the highest common factor of 9707 and 10278.
571
What is the highest common divisor of 29136 and 48?
48
Calculate the highest common factor of 349255 and 115.
115
What is the greatest common divisor of 2656 and 92944?
16
Calculate the greatest common divisor of 100573 and 11.
11
What is the greatest common divisor of 15265 and 262730?
215
Calculate the highest common divisor of 103071 and 645.
129
Calculate the greatest common divisor of 194128 and 16.
16
Calculate the greatest common divisor of 470 and 18142.
94
What is the greatest common factor of 170 and 2563685?
85
Calculate the highest common factor of 13817 and 41.
41
What is the greatest common divisor of 446 and 1961062?
446
Calculate the greatest common divisor of 46620 and 135450.
630
What is the highest common factor of 12544 and 82712?
392
What is the greatest common divisor of 1946 and 24742?
278
What is the highest common divisor of 1960809 and 921?
921
Calculate the highest common factor of 25897 and 65569.
551
What is the greatest common divisor of 17160 and 696?
24
What is the greatest common factor of 12802 and 1591?
37
Calculate the highest common divisor of 75241 and 2479.
67
What is the greatest common divisor of 12971 and 57225?
763
What is the greatest common divisor of 14 and 42791?
7
Calculate the greatest common factor of 116625 and 2825.
25
What is the highest common divisor of 651864 and 384?
24
Calculate the greatest common divisor of 1280 and 240.
80
Calculate the highest common divisor of 72303 and 132.
33
What is the highest common factor of 64248 and 36?
12
What is the greatest common divisor of 134 and 34907?
67
What is the greatest common divisor of 668798 and 130?
26
What is the greatest common factor of 15322 and 470?
94
Calculate the greatest common factor of 464 and 124816.
464
What is the highest common factor of 42154 and 70?
14
What is the highest common factor of 5239 and 8897?
31
Calculate the highest common factor of 195 and 5109.
39
Calculate the highest common factor of 3621 and 28045.
71
Calculate the highest common factor of 1290 and 8550.
30
What is the greatest common divisor of 589535 and 2253?
751
What is the highest common divisor of 27974 and 2364?
394
Calculate the highest common factor of 6192 and 13287.
129
Calculate the highest common divisor of 14 and 45185.
7
What is the greatest common divisor of 20 and 13136360?
20
Calculate the highest common divisor of 28 and 42546.
14
What is the highest common divisor of 16 and 6604656?
16
Calculate the highest common divisor of 95091 and 174.
87
Calculate the greatest common factor of 9 and 27531.
9
Calculate the greatest common divisor of 58282 and 4416.
46
Calculate the greatest common divisor of 126209 and 61.
61
Calculate the highest common factor of 178592 and 768.
32
What is the highest common factor of 2116 and 4?
4
What is the highest common factor of 76336 and 6344?
104
What is the greatest common divisor of 28083 and 2035?
407
What is the greatest common divisor of 423 and 50948?
47
Calculate the greatest common divisor of 174 and 1598248.
58
Calculate the greatest common factor of 363460 and 8.
4
What is the highest common factor of 19500 and 2444?
52
What is the highest common factor of 1081 and 1034?
47
What is the highest common factor of 301 and 1694028?
301
What is the highest common factor of 25488 and 48?
48
What is the highest common divisor of 52 and 108966?
26
Calculate the highest common factor of 60 and 136140.
60
Calculate the highest common factor of 149299 and 18986.
863
What is the greatest common divisor of 619251 and 3171?
453
What is the greatest common factor of 886 and 240549?
443
What is the highest common factor of 13098 and 2886?
222
Calculate the highest common factor of 2156 and 4292.
4
Calculate the greatest common divisor of 8 and 1653208.
8
What is the highest common factor of 263424 and 2240?
448
Calculate the highest common divisor of 78 and 664044.
6
Calculate the greatest common divisor of 3717 and 7551.
9
Calculate the greatest common divisor of 4488 and 71368.
88
Calculate the highest common divisor of 25628 and 1892.
172
What is the greatest common